{"id":8250,"date":"2024-09-17T17:28:16","date_gmt":"2024-09-17T17:28:16","guid":{"rendered":"https:\/\/gastrolution.eu\/?page_id=8250"},"modified":"2025-12-05T14:02:36","modified_gmt":"2025-12-05T14:02:36","slug":"silvester-2025","status":"publish","type":"page","link":"https:\/\/gastrolution.eu\/index.php\/silvester-2025\/","title":{"rendered":"Silvester 2025"},"content":{"rendered":"<div class=\"wpb-content-wrapper\"><p>[vc_row][vc_column]\n\t\t\t\t<p class=\"rs-p-wp-fix\"><\/p>\n\t\t\t\t<sr7-module data-alias=\"slider-1\" data-id=\"1\" id=\"SR7_1_1\" class=\"rs-ov-hidden\" data-version=\"6.7.38\">\n\t\t\t\t\t<sr7-adjuster><\/sr7-adjuster>\n\t\t\t\t\t<sr7-content>\n\t\t\t\t\t\t<sr7-slide id=\"SR7_1_1-1\" data-key=\"1\">\n\t\t\t\t\t\t<\/sr7-slide>\n\t\t\t\t\t\t<sr7-slide id=\"SR7_1_1-6\" data-key=\"6\">\n\t\t\t\t\t\t<\/sr7-slide>\n\t\t\t\t\t\t<sr7-slide id=\"SR7_1_1-2\" data-key=\"2\">\n\t\t\t\t\t\t<\/sr7-slide>\n\t\t\t\t\t<\/sr7-content>\n\t\t\t\t\t<image_lists style=\"display:none\">\n\t\t\t\t\t\t<img data-src=\"\/\/gastrolution.eu\/wp-content\/uploads\/2024\/09\/Marlene-Bar.jpg\" data-libid=\"8273\" data-lib=\"medialibrary\" title=\"Marlene Bar\" width=\"0\" height=\"0\" data-dbsrc=\"Ly9nYXN0cm9sdXRpb24uZXUvd3AtY29udGVudC91cGxvYWRzLzIwMjQvMDkvTWFybGVuZS1CYXIuanBn\"\/>\n\t\t\t\t\t\t<img data-src=\"\/\/gastrolution.eu\/wp-content\/uploads\/2024\/09\/cropped-Logo-Marlene-e1726574884645.gif\" data-libid=\"7605\" data-lib=\"medialibrary\" title=\"cropped-Logo-Marlene.gif\" width=\"0\" height=\"0\" data-dbsrc=\"Ly9nYXN0cm9sdXRpb24uZXUvd3AtY29udGVudC91cGxvYWRzLzIwMjQvMDkvY3JvcHBlZC1Mb2dvLU1hcmxlbmUtZTE3MjY1NzQ4ODQ2NDUuZ2lm\"\/>\n\t\t\t\t\t\t<img data-src=\"\/\/gastrolution.eu\/wp-content\/uploads\/2024\/09\/Marlene-Bar-02.jpg\" data-libid=\"8274\" data-lib=\"medialibrary\" title=\"Marlene Bar 02\" width=\"0\" height=\"0\" data-dbsrc=\"Ly9nYXN0cm9sdXRpb24uZXUvd3AtY29udGVudC91cGxvYWRzLzIwMjQvMDkvTWFybGVuZS1CYXItMDIuanBn\"\/>\n\t\t\t\t\t<\/image_lists>\n\t\t\t\t<\/sr7-module>\n\t\t\t\t<script>\n\t\t\t\t\tSR7.PMH ??={}; SR7.PMH[\"SR7_1_1\"] = {cn:100,state:false,fn: function() { if (_tpt!==undefined && _tpt.prepareModuleHeight !== undefined) {  _tpt.prepareModuleHeight({id:\"SR7_1_1\",el:[450,450,768,960,720],type:'standard',shdw:'0',gh:[450,450,288,219,135],gw:[1600,1600,1024,778,480],vpt:['100px'],size:{fullWidth:true, fullHeight:false},mh:'0',onh:0,onw:0,bg:{color:'{\"orig\":\"transparent\",\"type\":\"solid\",\"string\":\"transparent\"}'}});   SR7.PMH[\"SR7_1_1\"].state=true;} else if(SR7.PMH[\"SR7_1_1\"].cn-->0)\tsetTimeout( SR7.PMH[\"SR7_1_1\"].fn,19);}};SR7.PMH[\"SR7_1_1\" ].fn();\n\t\t\t\t<\/script>\n<div class=\"ult-spacer spacer-69e5f53f674e9\" data-id=\"69e5f53f674e9\" data-height=\"10\" data-height-mobile=\"10\" data-height-tab=\"10\" data-height-tab-portrait=\"\" data-height-mobile-landscape=\"\" style=\"clear:both;display:block;\"><\/div>[\/vc_column][\/vc_row][vc_row][vc_column][vc_custom_heading text=&#8220;SILVESTER 2025&#8243; font_container=&#8220;tag:h2|text_align:center|color:%237d3e67&#8243; google_fonts=&#8220;font_family:Abel%3Aregular|font_style:400%20regular%3A400%3Anormal&#8220; css=&#8220;&#8220;][\/vc_column][\/vc_row][vc_row][vc_column][vc_single_image image=&#8220;8620&#8243; img_size=&#8220;large&#8220; alignment=&#8220;center&#8220; css=&#8220;&#8220;][vc_column_text css=&#8220;&#8220;]<\/p>\n<h3 style=\"text-align: center;\" data-start=\"143\" data-end=\"203\"><strong data-start=\"171\" data-end=\"196\">Silvester-Buffet 2025<\/strong><br \/>\n\u2013 Ein genussvoller Jahresausklang \u2013<\/h3>\n<p style=\"text-align: center;\" data-start=\"205\" data-end=\"423\">Genie\u00dfen Sie den letzten Abend des Jahres in festlicher Atmosph\u00e4re<br \/>\nmit einem reichhaltigen Buffet voller kulinarischer Highlights.<br data-start=\"332\" data-end=\"335\" \/>Freuen Sie sich auf feine Vorspeisen, k\u00f6stliche Hauptg\u00e4nge und verf\u00fchrerische Desserts.<\/p>\n<p style=\"text-align: center;\" data-start=\"425\" data-end=\"617\">Begleitet von <strong>stimmungsvoller Musik<\/strong> lassen wir gemeinsam das Jahr ausklingen<\/p>\n<p style=\"text-align: center;\" data-start=\"425\" data-end=\"617\">Um <strong data-start=\"513\" data-end=\"528\">Mitternacht<\/strong> sto\u00dfen wir mit einem Glas prickelndem <strong data-start=\"567\" data-end=\"575\">Sekt<\/strong> auf das neue Jahr an<br \/>\nund erleben ein strahlendes <strong data-start=\"627\" data-end=\"640\">Feuerwerk<\/strong> am Himmel.<\/p>\n<p style=\"text-align: center;\" data-start=\"619\" data-end=\"643\">Lassen Sie uns zusammen voller Freude ins neue Jahr starten!<\/p>\n<p>[\/vc_column_text][vc_single_image image=&#8220;8618&#8243; img_size=&#8220;large&#8220; alignment=&#8220;center&#8220; css=&#8220;&#8220;][vc_column_text css=&#8220;&#8220;]<\/p>\n<p style=\"text-align: center;\"><strong>Bitte reservieren Sie ausschlie\u00dflich telefonisch!<\/strong><br \/>\nTel.: 0471 \/ 969 078 90 oder 0471 \/ 418 793 31<\/p>\n<p style=\"text-align: center;\">Information zu unseren Zahlungsmodalit\u00e4ten:<br \/>\nIhre Rechnung wird per E-Mail zugestellt.<br \/>\nBitte vergessen Sie nicht uns Ihre E-Mail-Adresse bei Reservierung mitzuteilen.<br \/>\nDie Zahlung in H\u00f6he von 75,00 \u20ac \/ pro Person<br \/>\nist bis zum 15. Dezember 2025 zu leisten.<\/p>\n<p style=\"text-align: center;\">Bei Stornierung nach dem 15. Dezember 2025 berechnen wir Ihnen 30,- \u20ac Stornogeb\u00fchr.<br \/>\nStornierungen werden ausschlie\u00dflich per E-Mail entgegengenommen.<\/p>\n<p style=\"text-align: center;\">Im Falle einer beh\u00f6rdlichen Anordnung, die eine Veranstaltung verhindert,<br \/>\nwerden 100% der Kosten erstattet<\/p>\n<p style=\"text-align: center;\">UNSER BANKVEBINDUNG:<br \/>\nEmpf\u00e4nger: <strong>Sevkan \u00d6nder<\/strong><br \/>\nWeser-Elbe Sparkasse<br \/>\nIBAN: DE31 2925 0000 1030 3244 68<br \/>\nBIC: BRLA DE21 BRS<br \/>\nals Verwendungszweck bitte Ihren Namen \/ Silvester 2025 angeben.<\/p>\n<p>[\/vc_column_text][\/vc_column][\/vc_row]<\/p>\n<\/div>","protected":false},"excerpt":{"rendered":"<p>[vc_row][vc_column][\/vc_column][\/vc_row][vc_row][vc_column][vc_custom_heading text=&#8220;SILVESTER 2025&#8243; font_container=&#8220;tag:h2|text_align:center|color:%237d3e67&#8243; google_fonts=&#8220;font_family:Abel%3Aregular|font_style:400%20regular%3A400%3Anormal&#8220; css=&#8220;&#8220;][\/vc_column][\/vc_row][vc_row][vc_column][vc_single_image image=&#8220;8620&#8243; img_size=&#8220;large&#8220; alignment=&#8220;center&#8220; css=&#8220;&#8220;][vc_column_text css=&#8220;&#8220;] Silvester-Buffet 2025 \u2013 Ein genussvoller Jahresausklang \u2013 Genie\u00dfen Sie den letzten Abend des Jahres in festlicher Atmosph\u00e4re mit einem reichhaltigen Buffet voller kulinarischer Highlights.Freuen Sie sich auf feine Vorspeisen, k\u00f6stliche Hauptg\u00e4nge und verf\u00fchrerische Desserts. Begleitet von stimmungsvoller Musik lassen wir gemeinsam das Jahr ausklingen&hellip;<\/p>\n","protected":false},"author":1,"featured_media":0,"parent":0,"menu_order":0,"comment_status":"closed","ping_status":"closed","template":"","meta":{"footnotes":""},"class_list":["post-8250","page","type-page","status-publish","hentry","description-off"],"yoast_head":"<!-- This site is optimized with the Yoast SEO plugin v27.4 - https:\/\/yoast.com\/product\/yoast-seo-wordpress\/ -->\n<title>Silvester 2025 - Marlene Bremerhaven am Stadttheater<\/title>\n<meta name=\"robots\" content=\"index, follow, max-snippet:-1, max-image-preview:large, max-video-preview:-1\" \/>\n<link rel=\"canonical\" href=\"https:\/\/gastrolution.eu\/index.php\/silvester-2025\/\" \/>\n<meta property=\"og:locale\" content=\"de_DE\" \/>\n<meta property=\"og:type\" content=\"article\" \/>\n<meta property=\"og:title\" content=\"Silvester 2025 - Marlene Bremerhaven am Stadttheater\" \/>\n<meta property=\"og:description\" content=\"[vc_row][vc_column][\/vc_column][\/vc_row][vc_row][vc_column][vc_custom_heading text=&#8220;SILVESTER 2025&#8243; font_container=&#8220;tag:h2|text_align:center|color:%237d3e67&#8243; google_fonts=&#8220;font_family:Abel%3Aregular|font_style:400%20regular%3A400%3Anormal&#8220; css=&#8220;&#8220;][\/vc_column][\/vc_row][vc_row][vc_column][vc_single_image image=&#8220;8620&#8243; img_size=&#8220;large&#8220; alignment=&#8220;center&#8220; css=&#8220;&#8220;][vc_column_text css=&#8220;&#8220;] Silvester-Buffet 2025 \u2013 Ein genussvoller Jahresausklang \u2013 Genie\u00dfen Sie den letzten Abend des Jahres in festlicher Atmosph\u00e4re mit einem reichhaltigen Buffet voller kulinarischer Highlights.Freuen Sie sich auf feine Vorspeisen, k\u00f6stliche Hauptg\u00e4nge und verf\u00fchrerische Desserts. Begleitet von stimmungsvoller Musik lassen wir gemeinsam das Jahr ausklingen&hellip;\" \/>\n<meta property=\"og:url\" content=\"https:\/\/gastrolution.eu\/index.php\/silvester-2025\/\" \/>\n<meta property=\"og:site_name\" content=\"Marlene Bremerhaven am Stadttheater\" \/>\n<meta property=\"article:modified_time\" content=\"2025-12-05T14:02:36+00:00\" \/>\n<meta name=\"twitter:card\" content=\"summary_large_image\" \/>\n<meta name=\"twitter:label1\" content=\"Gesch\u00e4tzte Lesezeit\" \/>\n\t<meta name=\"twitter:data1\" content=\"2\u00a0Minuten\" \/>\n<script type=\"application\/ld+json\" class=\"yoast-schema-graph\">{\"@context\":\"https:\\\/\\\/schema.org\",\"@graph\":[{\"@type\":\"WebPage\",\"@id\":\"https:\\\/\\\/gastrolution.eu\\\/index.php\\\/silvester-2025\\\/\",\"url\":\"https:\\\/\\\/gastrolution.eu\\\/index.php\\\/silvester-2025\\\/\",\"name\":\"Silvester 2025 - Marlene Bremerhaven am Stadttheater\",\"isPartOf\":{\"@id\":\"https:\\\/\\\/gastrolution.eu\\\/#website\"},\"datePublished\":\"2024-09-17T17:28:16+00:00\",\"dateModified\":\"2025-12-05T14:02:36+00:00\",\"breadcrumb\":{\"@id\":\"https:\\\/\\\/gastrolution.eu\\\/index.php\\\/silvester-2025\\\/#breadcrumb\"},\"inLanguage\":\"de\",\"potentialAction\":[{\"@type\":\"ReadAction\",\"target\":[\"https:\\\/\\\/gastrolution.eu\\\/index.php\\\/silvester-2025\\\/\"]}]},{\"@type\":\"BreadcrumbList\",\"@id\":\"https:\\\/\\\/gastrolution.eu\\\/index.php\\\/silvester-2025\\\/#breadcrumb\",\"itemListElement\":[{\"@type\":\"ListItem\",\"position\":1,\"name\":\"Startseite\",\"item\":\"https:\\\/\\\/gastrolution.eu\\\/\"},{\"@type\":\"ListItem\",\"position\":2,\"name\":\"Silvester 2025\"}]},{\"@type\":\"WebSite\",\"@id\":\"https:\\\/\\\/gastrolution.eu\\\/#website\",\"url\":\"https:\\\/\\\/gastrolution.eu\\\/\",\"name\":\"Marlene Bremerhaven am Stadttheater\",\"description\":\"Steaks | Pizza | Pasta | Cocktailbar\",\"potentialAction\":[{\"@type\":\"SearchAction\",\"target\":{\"@type\":\"EntryPoint\",\"urlTemplate\":\"https:\\\/\\\/gastrolution.eu\\\/?s={search_term_string}\"},\"query-input\":{\"@type\":\"PropertyValueSpecification\",\"valueRequired\":true,\"valueName\":\"search_term_string\"}}],\"inLanguage\":\"de\"}]}<\/script>\n<!-- \/ Yoast SEO plugin. -->","yoast_head_json":{"title":"Silvester 2025 - Marlene Bremerhaven am Stadttheater","robots":{"index":"index","follow":"follow","max-snippet":"max-snippet:-1","max-image-preview":"max-image-preview:large","max-video-preview":"max-video-preview:-1"},"canonical":"https:\/\/gastrolution.eu\/index.php\/silvester-2025\/","og_locale":"de_DE","og_type":"article","og_title":"Silvester 2025 - Marlene Bremerhaven am Stadttheater","og_description":"[vc_row][vc_column][\/vc_column][\/vc_row][vc_row][vc_column][vc_custom_heading text=&#8220;SILVESTER 2025&#8243; font_container=&#8220;tag:h2|text_align:center|color:%237d3e67&#8243; google_fonts=&#8220;font_family:Abel%3Aregular|font_style:400%20regular%3A400%3Anormal&#8220; css=&#8220;&#8220;][\/vc_column][\/vc_row][vc_row][vc_column][vc_single_image image=&#8220;8620&#8243; img_size=&#8220;large&#8220; alignment=&#8220;center&#8220; css=&#8220;&#8220;][vc_column_text css=&#8220;&#8220;] Silvester-Buffet 2025 \u2013 Ein genussvoller Jahresausklang \u2013 Genie\u00dfen Sie den letzten Abend des Jahres in festlicher Atmosph\u00e4re mit einem reichhaltigen Buffet voller kulinarischer Highlights.Freuen Sie sich auf feine Vorspeisen, k\u00f6stliche Hauptg\u00e4nge und verf\u00fchrerische Desserts. Begleitet von stimmungsvoller Musik lassen wir gemeinsam das Jahr ausklingen&hellip;","og_url":"https:\/\/gastrolution.eu\/index.php\/silvester-2025\/","og_site_name":"Marlene Bremerhaven am Stadttheater","article_modified_time":"2025-12-05T14:02:36+00:00","twitter_card":"summary_large_image","twitter_misc":{"Gesch\u00e4tzte Lesezeit":"2\u00a0Minuten"},"schema":{"@context":"https:\/\/schema.org","@graph":[{"@type":"WebPage","@id":"https:\/\/gastrolution.eu\/index.php\/silvester-2025\/","url":"https:\/\/gastrolution.eu\/index.php\/silvester-2025\/","name":"Silvester 2025 - Marlene Bremerhaven am Stadttheater","isPartOf":{"@id":"https:\/\/gastrolution.eu\/#website"},"datePublished":"2024-09-17T17:28:16+00:00","dateModified":"2025-12-05T14:02:36+00:00","breadcrumb":{"@id":"https:\/\/gastrolution.eu\/index.php\/silvester-2025\/#breadcrumb"},"inLanguage":"de","potentialAction":[{"@type":"ReadAction","target":["https:\/\/gastrolution.eu\/index.php\/silvester-2025\/"]}]},{"@type":"BreadcrumbList","@id":"https:\/\/gastrolution.eu\/index.php\/silvester-2025\/#breadcrumb","itemListElement":[{"@type":"ListItem","position":1,"name":"Startseite","item":"https:\/\/gastrolution.eu\/"},{"@type":"ListItem","position":2,"name":"Silvester 2025"}]},{"@type":"WebSite","@id":"https:\/\/gastrolution.eu\/#website","url":"https:\/\/gastrolution.eu\/","name":"Marlene Bremerhaven am Stadttheater","description":"Steaks | Pizza | Pasta | Cocktailbar","potentialAction":[{"@type":"SearchAction","target":{"@type":"EntryPoint","urlTemplate":"https:\/\/gastrolution.eu\/?s={search_term_string}"},"query-input":{"@type":"PropertyValueSpecification","valueRequired":true,"valueName":"search_term_string"}}],"inLanguage":"de"}]}},"_links":{"self":[{"href":"https:\/\/gastrolution.eu\/index.php\/wp-json\/wp\/v2\/pages\/8250","targetHints":{"allow":["GET"]}}],"collection":[{"href":"https:\/\/gastrolution.eu\/index.php\/wp-json\/wp\/v2\/pages"}],"about":[{"href":"https:\/\/gastrolution.eu\/index.php\/wp-json\/wp\/v2\/types\/page"}],"author":[{"embeddable":true,"href":"https:\/\/gastrolution.eu\/index.php\/wp-json\/wp\/v2\/users\/1"}],"replies":[{"embeddable":true,"href":"https:\/\/gastrolution.eu\/index.php\/wp-json\/wp\/v2\/comments?post=8250"}],"version-history":[{"count":29,"href":"https:\/\/gastrolution.eu\/index.php\/wp-json\/wp\/v2\/pages\/8250\/revisions"}],"predecessor-version":[{"id":8656,"href":"https:\/\/gastrolution.eu\/index.php\/wp-json\/wp\/v2\/pages\/8250\/revisions\/8656"}],"wp:attachment":[{"href":"https:\/\/gastrolution.eu\/index.php\/wp-json\/wp\/v2\/media?parent=8250"}],"curies":[{"name":"wp","href":"https:\/\/api.w.org\/{rel}","templated":true}]}}